s digit of p?
4
Suppose 7*l + 8416 + 82 = 0. Let f = 1784 + l. Suppose 0 = o - 3*w - 91, 4*o + 5*w = -155 + f. What is the units digit of o?
0
Let x be (0 - -1)*(76 + -22). Let y = x + 305. What is the units digit of y?
9
Suppose 0 = 4*y + 20, 3*m + 2*y - 19305 = -5557. Suppose -4*x - 4596 = -4*t, -3*t = t + x - m. What is the hundreds digit of t?
1
Let q = 6592 + -1802. What is the tens digit of q?
9
Let x(p) = 60*p + 36. Let r be x(12). What is the tens digit of r/144*(-232)/(-6)?
0
Suppose 0 = 3*l + 2*n + 3603, 9*l = 7*l - 2*n - 2404. Let h = l - -1706. What is the tens digit of h?
0
What is the tens digit of (252/24 + 3 + -11)*(-16004)/(-5)?
0
Let z = 60 - 80. Let m(o) = o**2 + 6*o + 29. What is the tens digit of m(z)?
0
Let a(j) = j**2 + 5*j + 7. Let t be a(-9). Let s = t - 41. Suppose -3*o = -5*g - 0*o + 1269, -1002 = -4*g - s*o. What is the hundreds digit of g?
2
Suppose 10*y - 3808 = -4*x + 17*y, 2*x - 1906 = 3*y. What is the tens digit of x?
5
Let o = 76 - 70. Suppose o*j = -798 + 198. Let r = j + 278. What is the hundreds digit of r?
1
Let n = 7379 - -2342. What is the tens digit of n?
2
Let j(k) be the third derivative of -k**4/24 + 5*k**3/2 - 21*k**2. Let t be j(12). Suppose 4*g + 3*s = 91, 0 = t*g + 5*s - s - 70. What is the units digit of g?
2
Suppose 13*x + 11253 = 75694. What is the hundreds digit of x?
9
Suppose -6*d + 66049 = -9359. Suppose 0 = 15*v - 7*v - d. What is the tens digit of v?
7
Let d(z) = 10*z + 1. Let v be d(-3). Let l = v - -33. Suppose l*k + 0*k = 184. What is the units digit of k?
6
Suppose 5*m - 7 - 18 = -2*b, -3*b - 5*m = -30. Suppose 11 + 14 = b*j. Suppose 2*a - j*a + 24 = 0. What is the units digit of a?
8
What is the tens digit of (-1)/(-8)*-1 - (-44914659)/3736?
2
Let t(c) = 17*c**2 - 2*c**2 - 16 - 3 - 3*c + 2*c**3 - 7*c. Let i be t(-8). What is the units digit of 3/(-5)*285/i?
7
Let j = 2237 - -1718. What is the hundreds digit of j?
9
Let f be (-244)/6 + 18/27. Let u = -38 - f. Suppose u*r - 118 = 2*o, 3*r - 2*o - 301 = -2*r. What is the tens digit of r?
6
Let x(t) = -t - 1. Let l(q) = -2*q. Let o(u) = l(u) + 2*x(u). Let h be o(0). What is the units digit of 137/2 + 3/h?
7
Suppose -36*g + 4*z = -31*g - 17035, 5*z = 2*g - 6831. What is the tens digit of g?
0
Suppose 86*j + 6 = 87*j. Suppose -j*g = -2*g - 328. What is the tens digit of g?
8
Let w = -998 + 1024. Suppose -25*a = -w*a + 2*k + 519, 3*a = -3*k + 1593. What is the hundreds digit of a?
5
Let d(v) be the third derivative of -v**6/120 + 4*v**5/15 - 11*v**4/24 - 5*v**3/2 - 46*v**2. Let w be d(12). Let o = -248 + w. What is the hundreds digit of o?
1
Suppose 0 = -11*b + 26*b - 105. What is the tens digit of -3*b/(84/(-592))?
4
Suppose -2 = -2*x + l + 10, -4*x - 2*l + 24 = 0. Let f(r) = 4*r - 25. Let n be f(x). What is the tens digit of (-248)/(-3) + n/(-3)?
8
Let h be ((-10 - -10)/(1 + 0))/1. Suppose h*n - 3*v + 998 = 5*n, 0 = 4*n - v - 812. Suppose 11*a = 2204 - n. What is the hundreds digit of a?
1
Suppose 4 = -4*b, -4*a + 169 = -4*b + 3*b. Suppose -3*c - a = -69. Let p(i) = 2*i**2 - 9*i - 21. What is the tens digit of p(c)?
6
Let q = -133 + 5438. What is the tens digit of q?
0
Let r = 21392 + -523. What is the hundreds digit of r?
8
What is the units digit of (10 - (-94)/4)*22?
7
Let q = 10924 - 9334. What is the thousands digit of q?
1
Let u = -126 - -35. What is the units digit of 972/14 + (-52)/u?
0
Let c(h) = -h**3 + 0*h**3 - h**3 + 6 + h**3 - 4*h**2. Let k be c(-4). Suppose -7*t = -k*t - 6. What is the units digit of t?
6
Suppose -9*m - 389 - 1195 = 0. What is the tens digit of -237*((6 - 1) + m/33)?
7
Let n = 40064 + -28471. What is the ten thousands digit of n?
1
Let c be (-1)/6 + 0 + 98/12. Suppose c + 4 = -3*t. What is the units digit of 96 + 2/(t/(-6))?
9
Suppose 20*i - 13*i = 42. Suppose 13 = i*d - 17. Suppose 12*p = d*p + 63. What is the units digit of p?
9
Suppose -g = -2*r + 2*g + 14, -7 = -r + 4*g. Suppose -5*d + r*d - 886 = 2*h, -4*d + 3*h + 1777 = 0. What is the units digit of d?
8
Suppose -10*o + 3*o = -0*o - 59367. What is the hundreds digit of o?
4
What is the thousands digit of (14/4)/(61/490684)?
8
What is the hundreds digit of (-90 - 0)/(258/(-144351)*(-3)/(-1))?
7
Suppose -13*h = -26*h - 9*h + 668052. What is the hundreds digit of h?
3
Suppose -2*c + 425 + 125 = 4*i, -2*c + 10 = 0. Suppose -s + 0*n + 131 = -2*n, -i = -s - 2*n. Suppose 0*j - l + s = 3*j, 3 = 3*l. What is the tens digit of j?
4
Suppose t + 3 = 17. Let m(d) = -2*d + 129. What is the units digit of m(t)?
1
Let u = 9303 - -7988. What is the tens digit of u?
9
Suppose 65 - 113 = -2*i. Let y = i + -21. Suppose y*p - 4*k - 286 = -0*k, -4*k = 5*p - 434. What is the tens digit of p?
9
Let t(s) = 10*s + 5. Let f be t(-6). Let a = -49 - f. Suppose -26*m - a = -27*m. What is the units digit of m?
6
Suppose 4*h + 8*g - 81792 = 0, 79*h - 78*h - 4*g - 20454 = 0. What is the units digit of h?
0
Suppose 0 = 3*r + 3*w, -4*w - 6 = 3*r + w. Suppose r*x - 655 = 5*z, 473 = 2*x - 5*z + 38. Let f = x - 60. What is the tens digit of f?
6
Suppose 19 = 4*d + b, -2*d = -4*d + 5*b + 15. Suppose d*o - 1456 = 2*n, 3*n = 4*o + o - 1454. What is the tens digit of o?
9
Let x be 3 - (-4 + 0 + 5). Suppose x*o - o = -254. Let g = o - -361. What is the tens digit of g?
0
What is the tens digit of (674/3)/((-18)/(-459))?
2
Let k(t) = -t**2 + 11. Let h be k(3). Suppose -3*y + 243 = h*s, 8*y + 5 = 3*y. What is the hundreds digit of s?
1
Let x be 3/(-3) - (-3)/(-3). Let t(v) = -v - 7 + 21*v**2 + 10*v**2 - 3*v - 10*v**2. What is the tens digit of t(x)?
8
Suppose 4*g - 91296 - 16816 = 0. What is the ten thousands digit of g?
2
Let h(x) = -5726*x + 14. What is the tens digit of h(-1)?
4
Suppose -2*k = 4*q + 36, k - 29 = 3*q + 3*k. Let o = q - -13. Suppose -3*p = 6, o*i - i - 3*p = 171. What is the tens digit of i?
3
Let h(c) = -4*c**3 - 26*c**2 - 23*c + 117. What is the thousands digit of h(-17)?
2
Suppose 4*s - 162 + 1682 = 0. What is the hundreds digit of 6 - s - (0 - 1)?
3
What is the ten thousands digit of ((-14)/(-8))/(4/(-58) + (-8253549)/(-119622216))?
5
Let m = 46 - 22. Suppose -6*l + 12*l = m. Suppose -3*f = -g - 361, -g + l = g. What is the hundreds digit of f?
1
Let a(y) = 3*y**3 - 10*y**2 + 9*y + 8. Suppose 8*i - 41 = 15. What is the tens digit of a(i)?
1
Let u = 3455 + -2315. Suppose 13*i = 9*i + u. What is the units digit of i?
5
What is the thousands digit of 2/3 - ((-469472)/36 - 48/108)?
3
Let o be 9*(11/(-3) - -4). What is the tens digit of (5/2*o)/(3/32)?
8
Suppose -2*n - 4*f = 448, n + 1140 = -4*n - 5*f. What is the hundreds digit of (3 + (-45 - -2))/(16/n)?
5
What is the tens digit of 879/(-586) - -33723*(-3)/(-6)?
6
Suppose -4*x = 4*y + 8, 7 = 23*x - 25*x - y. What is the units digit of (x/2)/(40/(-4512))?
2
Suppose -32 = -5*k + a, -4*k + 32 = 7*a - 11*a. Let m(r) = 3*r**2 - 7*r - 17. What is the units digit of m(k)?
9
Let j = 11513 - 6293. What is the tens digit of j?
2
Suppose -143*c + 1460159 + 1228191 = 550929. What is the ten thousands digit of c?
1
Let a be (68/6)/(((-64)/12)/(-8)). Suppose a = r + 8. What is the tens digit of r*((-20)/6)/(-2)?
1
Let q(g) = g**3 - 40*g**2 + 75*g + 70. Let f be q(38). Suppose f*i = 13*i + 5092. What is the units digit of i?
8
Suppose -114 = 3*p - 99. What is the hundreds digit of 207 + (2 - p/15*-15)?
2
Suppose 46*n = 188 + 42. Suppose -2*q + 868 = 4*v, v + v - 2138 = -n*q. What is the units digit of q?
6
Suppose 3*a - 23 = 2*l - 99, -a = 5*l - 207. Suppose -z - 38080 = -l*z. What is the hundreds digit of z?
9
Let y(g) = 192*g + 58. Let q be ((-12)/(-14))/(36/126). What is the tens digit of y(q)?
3
What is the units digit of (3646/(-10))/((-378)/3780)?
6
Suppose 0*n + 2*n - 2*d - 12 = 0, -22 = 3*n + 5*d. Let u = -9 + 5. What is the units digit of (n - -5)/(u/(-10))?
5
Let a be ((-22)/(-4))/(2/68) - -2. Let o = a - 145. What is the units digit of o?
4
Suppose 75 + 10 = 5*j. Suppose -3*l + 2069 = i, j = -5*i + 42. Let y = l + -407. What is the units digit of y?
1
Let h = -36 + 41. Let o be ((-9)/h)/(9/(-45)). Let w(s) = 5*s + 1. What is the units digit of w(o)?
6
Let m(v) = -976*v**2 + 3*v - 3. Let p be m(-2). What is the units digit of (-37)/296 - p/8?
9
Let q(s) = s**2 - 9*s + 27. Let n(p) = -p**3 - 14*p**2 - p - 3. Let j be n(-14). Le